3 + (7 - 1) + -10)?
-4
-31 + 70 - (18 + -4 + 32)
-7
What is the value of -11 - -2 - (-707 - -700)?
-2
-22 - (43 - (-52 - -63))
-54
What is 160 + -163 - (4 + 4 - 0 - 0)?
-11
What is the value of 2 + -9 + 29 + -37 + (42 - 39)?
-12
(-991 - -912) + (91 - -1)
13
Calculate 113 + -126 + 238 + -133.
92
What is 18 - ((0 - -10) + -18 - 1)?
27
Calculate -438 + 388 + -9 + 44.
-15
What is the value of (34 + 14 + -7 - -69) + -12?
98
What is the value of 44 + 34 + -29 + -4?
45
What is the value of 1 + (5 - ((1 - -1) + -10 - 0))?
14
(37 - 133) + 136 - -89
129
Evaluate -2 - -29 - (46 + -34) - (-11 + 21 + -6).
11
What is the value of -106 - (-42 - (-16 - -6) - 15)?
-59
What is 44 - (-18 - (-17 + -23))?
22
Calculate -8 + (-31 - -48) + -35 + -32.
-58
Evaluate -7 + 35 + -38 + 56 + 2 + -3.
45
What is -18 + (20 + 10 - 43) + 137?
106
What is (-43 - (12 + -20)) + -86 + 84?
-37
-28 - (89 + -12 - 143)
38
Calculate 9 + (-23 - (2 - 3) - 20).
-33
Evaluate 5353 + -5282 - (1 + 1 - (5 + -13)) - -14.
75
Calculate -5 + 3 + (2 - -2) - 9 - (-18568 + 18479).
82
Calculate -118 + 24 + (-442 - -543).
7
Evaluate (-12 - (-41 - (-12 - 25))) + (-1 + 97 - -1).
89
What is the value of -25 + (43 - -8) - 71?
-45
Evaluate -10 + (12 + -8 - (-1 - (-3 + -3 + 9))).
-2
Evaluate 2 + 7 - ((-4 + (11 - 9) - 1) + -24).
36
Calculate 0 + -33 + (-3184 - -3236).
19
Evaluate 9 - (9 + 8 + -88) - (34 + -29).
75
What is the value of -1 + 11 + 5 + (-19 + 6 - -16)?
18
Calculate 2 - (-47 - (9 - (-4 - -18))).
44
What is 31 - (-5 - 24 - -56)?
4
What is 38 + (185 - 183) + (33 - 5)?
68
Calculate (5 - (-1 - -2) - -5) + (-56 + 96 - 96).
-47
Calculate 0 - (-5 + 1) - (1 - 5 - -5).
3
Calculate -2 - -10 - (3 - (0 - -11 - (-6 + 23))).
-1
(29 - 0) + (-18 + (10 - (-1 - 4)) - 7)
19
What is the value of -34 - 18 - (7 + 6 - -1)?
-66
What is the value of 58 + -39 - (2 - 1) - (-13 + -16)?
47
What is 5 + (7 + 2 - 16) + -56 - (-3 + 8)?
-63
What is the value of (15 - 22) + (-4 + (9 - 17) + 7 - 81)?
-93
(85 - 0) + -295 + 271 + -8
53
-54 - ((-117 - -93) + 3 + 9)
-42
Evaluate 83 - (8 - -39 - 19).
55
Calculate 28 + ((-7 - -11) + 31 - 10).
53
What is the value of (-22 - -63) + -123 + 14?
-68
-132 + 185 + -62 + (-1 + 8 - 0)
-2
Evaluate 88 - (186 + -5 - 55).
-38
What is (35 - (30 + -85)) + -10?
80
What is the value of -83 + 87 + (15 - 8 - (-3 + 58))?
-44
What is (11 + -3 + 9 - 20) + (-29 - 2)?
-34
413 + -429 + (-80 - (-1 + 1))
-96
What is (-17 - ((47 - 57) + (3 - -1))) + 7?
-4
What is -39 + (-5 - -7) - (1210 - 1165)?
-82
Evaluate (218 + -98 - 94) + -1 + (-2 - 3).
20
What is -25 - -23 - (0 - -8 - -39 - 9)?
-40
Evaluate 62 - (-11 - 9 - -24 - 12).
70
Calculate (1 - -36 - 67) + 182 + -39.
113
Evaluate (130 - 119) + (0 + (-5 - -2) - 1) + 31.
38
What is -6 - (-5 + -21 + 5) - -4?
19
What is the value of -94 + 81 + 71 - 49?
9
What is the value of 1 + (4 + -24 - -6) + 6 + 8 + -56?
-55
Calculate 123 + 4 - (1 - -15 - (30 - 68 - -40)).
113
Evaluate -14 - (2 + (2 - (-1 - -5) - (-24 - -23))).
-15
What is (155 - 139) + -29 + 2 + -15 + 0?
-26
Calculate -606 - -658 - (2 + 67).
-17
Calculate -54 - (12 + -37 + (-19 - -18)).
-28
What is -176 + -55 + 131 + -2 + 2 - -23?
-77
-9 + 5 - (48 + (-22 - 31))
1
What is 99 - 115 - (-67 - 5)?
56
What is the value of (-3 - 18) + (-19 - -46 - 29)?
-23
Calculate 50 + 28 + -34 + 86 + 13.
143
-40 - (47 - 56) - -59
28
Evaluate 4 + (-16 - (4 + -1 - (-8 + (1 - -1)))).
-21
22 - ((0 - -104) + (164 - 142 - 37))
-67
What is the value of 74 + (-20 - 5) + 9?
58
Evaluate (4 - 3 - -12) + -675 + 663 - 129.
-128
What is 9 + (8 - 29) - (45 - 45)?
-12
6 - 3 - -3 - (-16 - (-7 - -8))
23
Evaluate (81 - 51) + 6 + -8 + -3 + 1.
26
(34 - (-10 - -1 - -5)) + 20 + -15
43
Evaluate -65 - (-31 + 44 + -43).
-35
-4 - (2 - (35 - 24 - -1))
6
Calculate -17 - ((35 - 6) + -15 + -12) - 15.
-34
Calculate -60 - -123 - (184 + -2).
-119
Evaluate (-21 - (-34 - -21)) + (0 - (-3 + 0 + 1)).
-6
What is the value of 7 - (-15 + (-147 - -147) + 13 + 1)?
8
Evaluate -103 + 81 + (-3 - -8 - 2) + 36.
17
Calculate 124 + (-141 - -84) + -103.
-36
Calculate -13 + (8 - 21) + 13 + 7 + -11.
-17
-1467 + 1479 + (1 - -3) + (2 - 3)
15
What is the value of (41 - (0 + 6)) + (1915 - 1823)?
127
-6 - (-78 - -101 - -12)
-41
Calculate -1 - -29 - (-178 - -67 - -110).
29
What is the value of (637 - 665) + (-3 - 2)?
-33
What is the value of 16 + (-10 - (-6 - (11 + 2)) - 5) + -1?
19
Evaluate -17 - -39 - 102 - -109.
29
Calculate -61 + (-23 + -31 - -41) + 34.
-40
Calculate 5 - -104 - 1 - (-58 - -69) - 13.
84
What is the value of 25 + (3 - (-11 + 11 - -9) - (-3 - 6))?
28
Calculate 3 - (59 + 3 + 8 + -11 + -5 + -4).
-47
Calculate 2 + -10 - (-1967 + 1955).
4
(-1702 - -1765) + (4 - 157)
-90
Evaluate -5 + (-1 + -3 - (-731 + 681)).
41
What is the value of -24 + (21 - -10) - -16?
23
What is the value of (-1 - (3 - 0)) + -3 + 122 + (-88 - 23)?
4
42 + -3 + -1013 + 1024
50
Calculate -1 - 56 - (10605 - 10582).
-80
Evaluate -17 + -7 + 157 + -15 + 3 - 15.
106
What is the value of 50 + (-19 - (-2 - 11 - 1)) + 6 + 1?
52
What is the value of 100 + (-132 - -58) + 50?
76
Calculate (-11 - (1 + -19 - ((-15 - -4) + 4))) + -61.
-61
What is the value of -3 - (-5 - -3) - -4 - (-115 + 98)?
20
What is 0 + (4 + -47 + 19 + -14 - 11) - -8?
-41
What is the value of -43 - (-3 + 24 + -179 + 146)?
-31
Calculate (13 - 87) + 0 + (-1 - 1) + 2466 + -2466.
-76
What is the value of -13 + (14 - (-10 - -19 - 20)) + (-17 - -2)?
-3
Calculate 0 + 48 - (-5 - -5) - (-47 - (-27 - 6)).
62
What is the value of 112 + (-112 - -10) + (-2 - (-18 - 1))?
27
What is (60 + -176 - -62) + -39?
-93
-99 + (126 - (119 - 70))
-22
What is the value of 11 - 3 - ((-2 - -43) + 38 + -34 - -12)?
-49
Calculate -56 + 182 + (-125 - -114).
115
Calculate 73 - (68 - (-11 - -70)).
64
-78 - (118 - (79 + 138))
21
What is -74 - -161 - ((-9 - -5) + -26 - -8)?
109
What is the value of 6 - (7 - 5) - (-22 - -6)?
20
Calculate 2 - (3 + -3 + -68 - (-62 + 73)).
81
Calculate -11 + -14 + (9 - 6) + 58 + 0 + 4.
40
What is the value of (48 - (32 - -9)) + (6 - 2 - 2)?
9
Evaluate 41 - (3 + (10 + -25 - -33)).
20
Calculate 35 + 1 - (12 - ((-4 + 8 - 25) + 37)).
40
What is (46 - (4 - -27)) + -51?
-36
What is the value of (9 + 124 - 169) + 41?
5
67 - ((32 - 46) + -33 + 34)
80
What is the value of 72 - 160 - ((-10 - -9 - -1) + (2 - -7))?
-97
What is (-3 + (5 - 1) - 14) + -17 + 19 + 16?
5
What is the value of -99 + (-33 + 33 + -12 - (-2 - 5))?
-104
Calculate (144 - 68) + 2 + -36.
42
What is -18 + 21 - -68 - (24 + -19)?
66
What is the value of -5 + 7 + (6 - 16) + 4?
-4
17 + (2 + (-7 - 8 - (-8 + 2)) - 0)
10
-104 - (-29 - 95 - -24)
-4
Evaluate -93 + (-116 - -200) - (1 + 10).
-20
What is the value of 0 - -26 - ((36 - (-39 - -51)) + -22)?
24
What is the value of (-16 + (0 - 8) + 22 - 7) + 10?
1
Evaluate (195 - 224) + (1 - 57).
-85
-13 - 0 - (35 - -2 - (834 - 819))
-35
What is -2 - (8 - ((1 - (14 + -6 - 3)) + 12))?
-2
Calculate -114 + (11 - (19 - (-1 - -15)) - 3 - 12).
-123
What is -3 - (-10 - -19) - (114 + 4) - (-13 + 0)?
-117
What is the value of -14757 + 14617 + 97 + -1?
-44
What is the value of 25 + -89 + (1 - -8) - (-10 + 6 + -5)?
-46
Calculate 0 - 4 - (8 - ((25 - -1) + -15 + 1)).
0
(10 - 0) + (26 - -20 - (-14 - -31 - 20))
59
Calculate (-29 - (-12 + -8)) + -28.
-37
What is -13 - (1 + 21 - (-6 + -18 + 41))?
-18
(48 + -99 - -1) + 81
31
Calculate -23 + (-1 - 34) + 125 + -14.
53
Calculate -22 + (-27 - 11 - -1).
-59
Calculate (-1 - (2 - 65)) + -227 + 29 + 180.
44
What is the value of -117 + 97 + 4 + -4 + 71 + 3?
54
Calculate (-2 - -13) + -1 - (-109 + -25 + 141).
3
What is (-1 - 16) + (-4 - 1) + (-12 - -22) + -81?
-93
What is the value of 40 - 44 - (26 - (16 - 3))?
-17
(-19 - (15 - 136)) + -19 + (0 - 2) + -4
77
What is -35 + 12 + 9 - 48 - (1 + 2)?
-65
Evaluate -72 - (-2 + 12 + -22 + -4 + 15).
-71
1 + 1 + -20 + -1438 + 1404
-52
-5 + (-5 - 1) + (267 - 301)
-45
What is 622 + -626 - (0 - 2 - -20)?
-22
Calculate 4 + 4 - (14 + -8 - (8 - -12)).
22
Evaluate 1 + 6 + -121 + 122 - (-13 + -8).
29
What is (38 - (9 - (1 + 9) - 7)) + 2?
48
-101 + -5 + -27 + 10 + 23 + (-10 - 1)
-111
Evaluate (32 - 6 - (5 + -5)) + 167 + -177.
16
Calculate 370 + (-789 - -446) - (0 + -21).
48
Calculate -47 - (-6 + -13 - (24 + -40)).
-44
Calculate 26 + 115 + -126 + (0 - 2).
13
What is the value of 12 - (81 - (0 - (-1 - 3) - (75 - 81)))?
-59